 - 3 + 3*f**2. What is s(5)?
-23
Suppose -5*a + 32 + 78 = 0. Let h(g) = a - g + 15 + 9*g - 49 - g**3 - 9*g**2. Calculate h(-10).
8
Let q(h) = -h**3 + 10*h**2 + 7*h + 63. Suppose 0 = -64*k + 62*k + z + 17, 2*k + 2*z - 32 = 0. What is q(k)?
19
Let f(g) = -4*g - 48. Let y be f(-10). Let k be (-4)/6 + y/24. Let d(u) = 12*u - 6*u + 8*u + 9*u. What is d(k)?
-23
Let v(z) = z**2 - 6*z + 7. Suppose -4*d - d = -70. Let p be 20/(-6)*(-21)/d. Give v(p).
2
Let j(h) = -11*h + 7. Let q = 32873 - 32871. Determine j(q).
-15
Suppose 3*a + 0*a - 4*a = 0. Let i(t) be the first derivative of -17 + 72*t**2 - 71*t**2 + a*t + 0*t. Determine i(4).
8
Suppose 271 = -7*b + 257. Let u(i) = -i**3 - 2*i - 1. What is u(b)?
11
Let m be (3/(-5))/((-3)/10). Let k be (-5)/m*44/(-10). Let u(x) = -x + 18 - 4*x - k - 13. Give u(-4).
14
Suppose 0 = 31*s - 28*s - p + 32, -3*s - 42 = -3*p. Let b(y) = y**2 + 31*y + 202. Calculate b(s).
4
Let m(o) be the third derivative of o**5/60 - o**4/8 - 59*o**3/2 + 3*o**2 - 2. Let r(g) be the first derivative of m(g). Give r(-7).
-17
Let x(k) = -6*k + 16. Let h be ((-1)/(-2))/((221/(-17))/(-26)) - -4. Give x(h).
-14
Let q(k) = -k**3 + 2*k**2 + 5*k + 13. Let r = 66 - 60. Let p be q(r). Let m = -104 - p. Let v(l) = -l - 5. What is v(m)?
-2
Let v be ((-3)/2)/((-3)/194). Suppose -92*y - 20 = -v*y. Let i(o) = 4*o - o - o**2 - 3*o + y*o. Give i(3).
3
Suppose 67 + 87 = 22*s. Suppose -23*o - 16 = -s*o. Let h(x) = -9*x - 1. Give h(o).
8
Let g(h) = -h**3 - 24*h**2 + 25*h + 3. Let c be g(-25). Let i(x) = -x**2 - 6 - x**3 + 6*x**2 + 0 + c - x. Let r = -3 - -7. Calculate i(r).
9
Suppose 57 = -4*w - 15. Let d(s) = -s**3 - 18*s**2 + 4*s + 20. What is d(w)?
-52
Suppose -9*y - 67 + 13 = 0. Let z be y/(-2) + -1 + 5/1. Let a(o) = o - 2. Determine a(z).
5
Suppose -6*a = -18*a + 648. Let b = 57 - a. Let s(f) be the second derivative of -f**5/20 + f**4/6 - f**3/6 + f**2/2 + f. What is s(b)?
-11
Let k(q) = -4*q - 14. Suppose 14*x - 472 + 2334 = 0. Let l = x + 130. Calculate k(l).
-2
Suppose 0 = -4*t - 3*n + 21, -n = 4*t - 4*n - 3. Let v = -1 - t. Let b(c) = 5*c**2 - 3*c - c**2 + 4*c**2 - 9*c**2 + 0 + 5. Calculate b(v).
1
Let w(x) = -x**3 + 29*x**2 + 56*x + 124075 - 124139 - 24*x. Give w(30).
-4
Let k(m) = 19*m + 1. Let g = -2 + -4. Let y be (3/(-9) - -1)*g/2. Let b(z) = -18*z - 1. Let h(l) = y*k(l) - 3*b(l). What is h(-1)?
-15
Let h(v) = -37*v + 64. Let n(g) = 7*g - 14. Let d(o) = -2*h(o) - 11*n(o). What is d(16)?
-22
Let s(w) = 8*w - 2. Suppose 3*j - 3 = n, -3*n + 10 = 1. Let l be 1/j*(11 + -5). Suppose -4*y + 9 = -l. What is s(y)?
22
Let v(s) = -3*s + 484242*s**3 + 50 - 51*s**2 - 484245*s**3 + 87*s**2. Determine v(12).
14
Let j(s) be the first derivative of -13 + 13*s**2 + 13*s**2 - 41*s**2 + 12*s**2. Give j(2).
-12
Let g be (-60)/360*(3 - 3). Let j(z) be the third derivative of 1/12*z**4 + 1/12*z**5 + 0 + 3*z**2 + g*z**3 + 1/120*z**6 + 0*z. Give j(-4).
8
Let k(j) = -4*j + 8 - 6*j**2 - 9 + 0*j + 5*j. Suppose 5 = -n - 3*u, 3*u = -4*n - 0*u - 11. Determine k(n).
-27
Let a be (-228)/30 - 7/(-35)*-2. Let o(v) = -2*v**3 - 14*v**2 + 16*v + 6. Give o(a).
6
Suppose 0 = 7*c - 6*c - 5. Suppose 6 = -4*t - 5*m, -m + 23 - c = -4*t. Let r(s) be the first derivative of -2*s**2 - 5*s + 102. Calculate r(t).
11
Let m(t) = 4 + 0*t + 4*t + 2*t. Let s(z) be the second derivative of 5*z**3/6 + 2*z**2 + 13*z. Let x(k) = -4*m(k) + 5*s(k). Give x(-5).
-1
Let f(d) = -38*d**2 - 44*d + 160. Let l(z) be the second derivative of 7*z**4/12 + 3*z**3/2 - 16*z**2 + 2*z - 18. Let u(j) = 2*f(j) + 11*l(j). Determine u(-13).
-6
Suppose -s - 22 = -4*d, 5*d + 0 = s + 27. Let b(u) = 2*u**2 - 25*u - 11. Let i(h) = 2*h**2 - 29*h - 13. Let q(x) = -6*b(x) + 5*i(x). What is q(d)?
-24
Let q(d) = d**3 + 4*d**2 - 7*d - 3. Let f(a) = -8*a + 2. Suppose -28 = -4*g - 2*i, 3*g - 3*i = -5*i + 21. Let m be f(g). Let r = -59 - m. What is q(r)?
7
Let c be (-1)/(-2) + (-90)/36. Suppose -5*w + 16 = -w. Let z(j) = 55*j - 58*j - 3 + 1 + w. Give z(c).
8
Suppose 25*q + 140 = 5*q. Let l(f) = f**2 + 4*f - 16. Calculate l(q).
5
Let s(z) be the first derivative of -z**6/120 - 7*z**5/60 - z**4/4 + z**3/2 + 3*z**2/2 + 7*z + 66. Let m(h) be the second derivative of s(h). What is m(-6)?
3
Let d(z) = -20*z - 53. Let k(i) = -16*i - 56. Let m(w) = -5*d(w) + 6*k(w). Give m(20).
9
Let y(q) = -7*q**2 + 1. Suppose 0 = -2*j - 35 + 135. Suppose 0 = -2*n + 3*h + 20, -5*n + h = -n - j. Suppose -4*f + 1 - n = -4*s, -2*f = -4*s + 8. Give y(s).
-6
Let s(h) = 480*h**2 - 500*h**2 + 50*h + 19*h - h**3 - 4 + 0*h**3. Calculate s(-23).
-4
Let r be (-12)/(-36) - (-3)/(-9). Suppose r = -4*y + 17*y. Let j(m) = m**2 + 11. Give j(y).
11
Let r(c) = -c**2 - 6*c + 52. Suppose 8 = -k + 4*x, -4*k + 23*x - 22*x + 13 = 0. Give r(k).
12
Let v(s) = -s**2 - 7*s - 30. Let j(k) = 3*k**2 + 21*k + 79. Let z(i) = 4*j(i) + 11*v(i). Determine z(-8).
-6
Let y(t) = -3*t - 41. Let b be y(-16). Suppose -b*g + 3 = 66. Let i be 4/(-3)*(-5)/((-10)/g). Let m(j) = j**2 - 6*j + 6. Give m(i).
6
Let k(m) = m**3 - 7*m**2 + 4*m - 4. Let a(c) = 309*c - 303. Let i be a(1). Give k(i).
-16
Let n(w) be the third derivative of w**5/60 + w**4/6 - 5*w**3/6 + w**2 + 2*w. Suppose -21 = 2*o - 3*k, 27 = -2*o + 176*k - 171*k. Determine n(o).
7
Let p(x) = 5 - 4 + 0 - 115*x**3 + 2*x + 117*x**3. Determine p(2).
21
Suppose -8*d - 48 = -20*d. Let x(t) = 4 - 4*t - 6*t**2 + d*t - t + t**3 + 1. What is x(6)?
-1
Suppose 0 = -1471*m + 1460*m - 44. Let z(h) = 7*h**2 + 3*h + 4. Give z(m).
104
Let v(o) = 4*o**3 - 30*o**2 + 4 + 27*o**2 - 2*o**3 - 14*o + 14*o. Determine v(-2).
-24
Let w be 3*(-16)/((-160)/30) - 3. Let l(d) be the first derivative of -1/4*d**4 + w - 2*d**2 - d**3 - 3*d. Determine l(-2).
1
Let c be (9/3)/3 - 5. Let i be (c/5)/((-42)/315). Let r(t) = -t**2 + 7*t - 1. Determine r(i).
5
Let v(b) = b + 1. Let d be v(1). Let x(s) = -s**d - s + s**3 - 3*s - 61 + 63 + 0*s. Give x(3).
8
Let k(t) = -4 + 18 - 8*t - 6 - 6 - 3. Suppose -4*o - 36 = -6*o. Let m be 2/9 + (-22)/o. What is k(m)?
7
Let h(a) = -2*a - 3. Suppose d - 3 = y + 5*d, 0 = 4*d - 4. Give h(y).
11
Let k(g) = -3*g + 3. Let v = -128 + 133. Suppose 19 = -2*j - j - v*u, 5*u - 5 = 5*j. Determine k(j).
12
Let c(d) be the second derivative of -d**5/20 + d**4/2 + d**3/3 - 11*d**2/2 + 2885*d. What is c(5)?
24
Let w(c) be the third derivative of c**5/20 - 7*c**4/8 - c**3/3 + 13237*c**2. Give w(6).
-20
Let k(f) = 35*f**2 - f - 72 + 24*f**2 - 58*f**2. Determine k(-8).
0
Let c(m) = -15*m**2 - m - 1. Let q be c(-1). Suppose 7*k + 2*k = -126. Let o = k - q. Let h(l) = -18*l**2 + 2*l - 1. Calculate h(o).
-17
Let n(i) = -17*i + 78*i**2 - 9*i**3 - 85*i**2 + 3 + 8*i**3 + 3 + 10*i. Let k be 93/(-15) - (-1)/5. Give n(k).
12
Let b(m) = m - 11. Let w be (2 - 64/20)*(-150)/18. Let l be 4*(w/12)/(21/63). Determine b(l).
-1
Let z(i) = 2*i - 22. Let s(x) = 3. Let h(b) = -6*s(b) + 2*z(b). Calculate h(17).
6
Let c(j) = j**3 - 18*j**2 - 4*j + 14. Let k be c(18). Let d = 68 + k. Let u(g) = -2*g + 9 + d - 13. Determine u(-6).
18
Suppose 0 = 109*t - 1162 + 580 + 582. Let j(x) = -x**2 - 9. What is j(t)?
-9
Let n(k) = -2*k + 4. Let o(s) = -s**2 + 19*s + 3. Let f be o(19). Let g(u) = -2 - 2*u + 0*u + f + 3*u. Let c(q) = 3*g(q) + n(q). Give c(6).
13
Let m(j) = -17*j. Let p(w) = w**2 - 41*w + 6. Let k(i) = 2*m(i) - p(i). Give k(2).
4
Let a(x) = -x**3 + 8*x**2 - x + 4. Let f(n) = n**3 - 11*n**2 - 2*n + 29. Let s be f(11). Give a(s).
46
Let l(q) = -163*q**2 + 321*q**2 - 4*q - 157*q**2 + q. Suppose -33 = m - 39. Calculate l(m).
18
Let a(y) be the second derivative of -y**5/120 - y**4/24 - y**3/3 - 45*y**2 - 4*y - 5. Let s(h) be the second derivative of a(h). Give s(0).
-1
Let m(w) be the third derivative of w**6/120 + w**5/30 - w**4/4 + 4*w**3/3 - 717*w**2. What is m(-4)?
0
Suppose -5*v - 2*x - 68 + 13 = 0, 3*v = 4*x - 59. Let o = -12 - v. Let j(m) be the first derivative of -2*m**4 + m**3/3 + m**2/2 - m - 38. Calculate j(o).
-7
Suppose 43 = t + 4*c, 2*t = -7*c + 2*c + 80. Suppose -10*d = t - 15. Let p(z) be the second derivative of z**4/12 + 2*z**3/3 + z**2/2 + 3*z. Determine p(d).
-3
Let m(a) = -19*a**2 + 11 + a**3 - 1230*a - 2*a**3 + 1243*a + 17*a**2. Determine m(-4).
-9
Let q(h) = -h**3 - 5*h**2 - 5. Suppose -2*f + 5*u = -15, -2 = 2*u + 8. Determine q(f).
-5
Let b(t) = t**3 + 38*t**